{"id":10,"date":"2023-04-30T08:59:15","date_gmt":"2023-04-30T08:59:15","guid":{"rendered":"https:\/\/barthaapartman.hu\/?page_id=10"},"modified":"2023-05-15T18:29:46","modified_gmt":"2023-05-15T18:29:46","slug":"latnivalok","status":"publish","type":"page","link":"https:\/\/barthaapartman.hu\/index.php\/latnivalok\/","title":{"rendered":"L\u00e1tnival\u00f3k"},"content":{"rendered":"<p>[et_pb_section fb_built=&#8221;1&#8243; _builder_version=&#8221;4.19.2&#8243; _module_preset=&#8221;default&#8221; custom_margin=&#8221;||0px||false|false&#8221; custom_padding=&#8221;||0px||false|false&#8221; global_colors_info=&#8221;{}&#8221;][et_pb_row column_structure=&#8221;1_4,3_4&#8243; _builder_version=&#8221;4.19.2&#8243; _module_preset=&#8221;default&#8221; custom_margin=&#8221;0px||0px||true|false&#8221; custom_padding=&#8221;0px||0px||true|false&#8221; hover_enabled=&#8221;0&#8243; global_colors_info=&#8221;{}&#8221; sticky_enabled=&#8221;0&#8243;][et_pb_column type=&#8221;1_4&#8243; _builder_version=&#8221;4.19.2&#8243; _module_preset=&#8221;default&#8221; global_colors_info=&#8221;{}&#8221;][et_pb_image src=&#8221;https:\/\/barthaapartman.hu\/wp-content\/uploads\/2023\/04\/molo-latnivalo.jpg&#8221; title_text=&#8221;molo-latnivalo&#8221; _builder_version=&#8221;4.19.2&#8243; _module_preset=&#8221;default&#8221; global_colors_info=&#8221;{}&#8221;][\/et_pb_image][\/et_pb_column][et_pb_column type=&#8221;3_4&#8243; _builder_version=&#8221;4.19.2&#8243; _module_preset=&#8221;default&#8221; global_colors_info=&#8221;{}&#8221;][et_pb_text _builder_version=&#8221;4.19.2&#8243; _module_preset=&#8221;default&#8221; custom_margin=&#8221;20px|||-70px|false|false&#8221; custom_padding=&#8221;0px||0px||false|false&#8221; hover_enabled=&#8221;0&#8243; global_colors_info=&#8221;{}&#8221; content_last_edited=&#8221;on|phone&#8221; sticky_enabled=&#8221;0&#8243; custom_margin_last_edited=&#8221;on|phone&#8221; custom_margin_phone=&#8221;0px|||0px|false|false&#8221; content_tablet=&#8221;<\/p>\n<p><strong>Fony\u00f3di m\u00f3l\u00f3<\/strong><\/p>\n<p style=%22text-align: left;%22>A Balaton leghosszabb m\u00f3l\u00f3j\u00e1val Fony\u00f3d b\u00fcszk\u00e9lkedhet, amely 464 m\u00e9ter hossz\u00fas\u00e1g\u00fa. A romantikus kora esti s\u00e9t\u00e1knak otthont ad\u00f3 f\u00f6ldnyelv, egyenesen a Gul\u00e1cs-hegy m\u00e9rtani k\u00f6z\u00e9ppontj\u00e1ba mutat, ami a tudatos tervez\u00e9s eredm\u00e9nye.<\/p>\n<p>&#8221; content_phone=&#8221;<\/p>\n<p><strong>Fony\u00f3di m\u00f3l\u00f3<\/strong><\/p>\n<p style=%22text-align: left;%22>A Balaton leghosszabb m\u00f3l\u00f3j\u00e1val Fony\u00f3d b\u00fcszk\u00e9lkedhet, amely 464 m\u00e9ter hossz\u00fas\u00e1g\u00fa. A romantikus kora esti s\u00e9t\u00e1knak otthont ad\u00f3 f\u00f6ldnyelv, egyenesen a Gul\u00e1cs-hegy m\u00e9rtani k\u00f6z\u00e9ppontj\u00e1ba mutat, ami a tudatos tervez\u00e9s eredm\u00e9nye.<\/p>\n<p>&#8221; custom_margin_tablet=&#8221;20px|||-70px|false|false&#8221;]<\/p>\n<p><strong>Fony\u00f3di m\u00f3l\u00f3<\/strong><\/p>\n<p style=\"text-align: left;\">A Balaton leghosszabb m\u00f3l\u00f3j\u00e1val Fony\u00f3d b\u00fcszk\u00e9lkedhet, amely 464 m\u00e9ter hossz\u00fas\u00e1g\u00fa. A romantikus kora esti s\u00e9t\u00e1knak otthont ad\u00f3 f\u00f6ldnyelv, egyenesen a Gul\u00e1cs-hegy m\u00e9rtani k\u00f6z\u00e9ppontj\u00e1ba mutat, ami a tudatos tervez\u00e9s eredm\u00e9nye.<\/p>\n<p>[\/et_pb_text][\/et_pb_column][\/et_pb_row][et_pb_row column_structure=&#8221;1_4,3_4&#8243; _builder_version=&#8221;4.19.2&#8243; _module_preset=&#8221;default&#8221; custom_margin=&#8221;10px||10px||true|false&#8221; custom_padding=&#8221;0px||0px||true|false&#8221; global_colors_info=&#8221;{}&#8221;][et_pb_column type=&#8221;1_4&#8243; _builder_version=&#8221;4.19.2&#8243; _module_preset=&#8221;default&#8221; global_colors_info=&#8221;{}&#8221;][et_pb_image src=&#8221;https:\/\/barthaapartman.hu\/wp-content\/uploads\/2023\/04\/kilatok-latnivalo.jpg&#8221; title_text=&#8221;kilatok-latnivalo&#8221; _builder_version=&#8221;4.19.2&#8243; _module_preset=&#8221;default&#8221; global_colors_info=&#8221;{}&#8221;][\/et_pb_image][\/et_pb_column][et_pb_column type=&#8221;3_4&#8243; _builder_version=&#8221;4.19.2&#8243; _module_preset=&#8221;default&#8221; global_colors_info=&#8221;{}&#8221;][et_pb_text _builder_version=&#8221;4.19.2&#8243; _module_preset=&#8221;default&#8221; custom_margin=&#8221;15px|||-70px|false|false&#8221; hover_enabled=&#8221;0&#8243; global_colors_info=&#8221;{}&#8221; content_last_edited=&#8221;on|phone&#8221; custom_margin_last_edited=&#8221;on|phone&#8221; custom_margin_phone=&#8221;0px|||0px|false|false&#8221; sticky_enabled=&#8221;0&#8243; content_tablet=&#8221;<\/p>\n<p><strong>Fony\u00f3di kil\u00e1t\u00f3k<\/strong><\/p>\n<p style=%22text-align: left;%22>V\u00e1rhegyi Sz\u00e9pl\u00e1t\u00f3: A kil\u00e1t\u00f3b\u00f3l Eur\u00f3pa egyik legszebb panor\u00e1m\u00e1ja t\u00e1rul szem\u00fcnk el\u00e9, ami a V\u00e1r-hegy 233 m magas cs\u00facs\u00e1n helyezkedik el.<br \/>Sipos-hegyi kil\u00e1t\u00f3: A 207 m magas cs\u00facson tal\u00e1lhat\u00f3 kil\u00e1t\u00f3b\u00f3l csod\u00e1lhatjuk meg Badacsony leny\u0171g\u00f6z\u0151 l\u00e1tk\u00e9p\u00e9t.<\/p>\n<p>&#8221; content_phone=&#8221;<\/p>\n<p><strong>Fony\u00f3di kil\u00e1t\u00f3k<\/strong><\/p>\n<p style=%22text-align: left;%22>V\u00e1rhegyi Sz\u00e9pl\u00e1t\u00f3: A kil\u00e1t\u00f3b\u00f3l Eur\u00f3pa egyik legszebb panor\u00e1m\u00e1ja t\u00e1rul szem\u00fcnk el\u00e9, ami a V\u00e1r-hegy 233 m magas cs\u00facs\u00e1n helyezkedik el.<br \/>Sipos-hegyi kil\u00e1t\u00f3: A 207 m magas cs\u00facson tal\u00e1lhat\u00f3 kil\u00e1t\u00f3b\u00f3l csod\u00e1lhatjuk meg Badacsony leny\u0171g\u00f6z\u0151 l\u00e1tk\u00e9p\u00e9t.<\/p>\n<p>&#8221; custom_margin_tablet=&#8221;15px|||-70px|false|false&#8221;]<\/p>\n<p><strong>Fony\u00f3di kil\u00e1t\u00f3k<\/strong><\/p>\n<p style=\"text-align: left;\">V\u00e1rhegyi Sz\u00e9pl\u00e1t\u00f3: A kil\u00e1t\u00f3b\u00f3l Eur\u00f3pa egyik legszebb panor\u00e1m\u00e1ja t\u00e1rul szem\u00fcnk el\u00e9, ami a V\u00e1r-hegy 233 m magas cs\u00facs\u00e1n helyezkedik el.<br \/>Sipos-hegyi kil\u00e1t\u00f3: A 207 m magas cs\u00facson tal\u00e1lhat\u00f3 kil\u00e1t\u00f3b\u00f3l csod\u00e1lhatjuk meg Badacsony leny\u0171g\u00f6z\u0151 l\u00e1tk\u00e9p\u00e9t.<\/p>\n<p>[\/et_pb_text][\/et_pb_column][\/et_pb_row][et_pb_row column_structure=&#8221;1_4,3_4&#8243; _builder_version=&#8221;4.19.2&#8243; _module_preset=&#8221;default&#8221; custom_margin=&#8221;0px||0px||true|false&#8221; custom_padding=&#8221;0px||0px||true|false&#8221; global_colors_info=&#8221;{}&#8221;][et_pb_column type=&#8221;1_4&#8243; _builder_version=&#8221;4.19.2&#8243; _module_preset=&#8221;default&#8221; global_colors_info=&#8221;{}&#8221;][et_pb_image src=&#8221;https:\/\/barthaapartman.hu\/wp-content\/uploads\/2023\/04\/erdo-latnivalok.jpg&#8221; _builder_version=&#8221;4.19.2&#8243; _module_preset=&#8221;default&#8221; global_colors_info=&#8221;{}&#8221;][\/et_pb_image][\/et_pb_column][et_pb_column type=&#8221;3_4&#8243; _builder_version=&#8221;4.19.2&#8243; _module_preset=&#8221;default&#8221; global_colors_info=&#8221;{}&#8221;][et_pb_text _builder_version=&#8221;4.19.2&#8243; _module_preset=&#8221;default&#8221; custom_margin=&#8221;0px|||-70px|false|false&#8221; hover_enabled=&#8221;0&#8243; global_colors_info=&#8221;{}&#8221; custom_margin_last_edited=&#8221;on|phone&#8221; sticky_enabled=&#8221;0&#8243; custom_margin_phone=&#8221;0px|||0px|false|false&#8221; custom_margin_tablet=&#8221;0px|||-70px|false|false&#8221;]<\/p>\n<p><strong>Fony\u00f3di dombok \u00e9s t\u00farautak<br \/><\/strong>A k\u00e9t domb k\u00f6r\u00e9 \u00e9p\u00fclt s\u00e9ta- \u00e9s ker\u00e9kp\u00e1r utak kiv\u00e1l\u00f3an seg\u00edtik az akt\u00edv pihen\u00e9st. A Sipos-hegy s\u00e9t\u00e1nyain, az Erdei tornap\u00e1ly\u00e1n elhelyezett t\u00e1bl\u00e1k seg\u00edts\u00e9g\u00e9vel kedv\u00fcnkre t\u00far\u00e1zhatunk. A V\u00e1r-hegyi erd\u0151ben tan\u00f6sv\u00e9ny mutatja be a t\u00e9rs\u00e9g m\u00faltj\u00e1t valamint n\u00f6v\u00e9ny- \u00e9s \u00e1llatvil\u00e1g\u00e1t. \u00datk\u00f6zben l\u00e1thatjuk a magyar t\u00f6rt\u00e9nelem jeles alakjait, esem\u00e9nyeit f\u00e1ba v\u00e9sve. A Birka l\u00e9pcs\u0151n felfel\u00e9, a Panor\u00e1ma s\u00e9t\u00e1nyon haladva a fony\u00f3di villasorig juthatunk. Az orsz\u00e1g mondhatni legszebb szerpentin \u00fatj\u00e1nak emelked\u0151j\u00e9n haladva a Valk\u00f3 kil\u00e1t\u00f3n\u00e1l pihenhet\u00fcnk, \u00e9s megcsod\u00e1lhatjuk a gy\u00f6ny\u00f6r\u0171 panor\u00e1m\u00e1t.<\/p>\n<p>[\/et_pb_text][\/et_pb_column][\/et_pb_row][et_pb_row column_structure=&#8221;1_4,3_4&#8243; _builder_version=&#8221;4.19.2&#8243; _module_preset=&#8221;default&#8221; custom_margin=&#8221;10px||10px||true|false&#8221; custom_padding=&#8221;0px||0px||true|false&#8221; global_colors_info=&#8221;{}&#8221;][et_pb_column type=&#8221;1_4&#8243; _builder_version=&#8221;4.19.2&#8243; _module_preset=&#8221;default&#8221; global_colors_info=&#8221;{}&#8221;][et_pb_image src=&#8221;https:\/\/barthaapartman.hu\/wp-content\/uploads\/2023\/04\/piac-latnivalo.jpg&#8221; _builder_version=&#8221;4.19.2&#8243; _module_preset=&#8221;default&#8221; global_colors_info=&#8221;{}&#8221;][\/et_pb_image][\/et_pb_column][et_pb_column type=&#8221;3_4&#8243; _builder_version=&#8221;4.19.2&#8243; _module_preset=&#8221;default&#8221; global_colors_info=&#8221;{}&#8221;][et_pb_text _builder_version=&#8221;4.19.2&#8243; _module_preset=&#8221;default&#8221; custom_margin=&#8221;20px|||-70px|false|false&#8221; hover_enabled=&#8221;0&#8243; global_colors_info=&#8221;{}&#8221; sticky_enabled=&#8221;0&#8243; custom_margin_last_edited=&#8221;on|phone&#8221; custom_margin_phone=&#8221;0px|||0px|false|false&#8221; custom_margin_tablet=&#8221;20px|||-70px|false|false&#8221;]<\/p>\n<p><strong>Fony\u00f3di piac<\/strong><\/p>\n<p>A \u201efony\u00f3di piac\u201d a Balaton d\u00e9li partj\u00e1nak legnagyobb piaca. Hetente k\u00e9t alkalommal, szerd\u00e1n \u00e9s szombaton hatalmas ter\u00fcleten v\u00e1rja a v\u00e1s\u00e1rl\u00f3kat \u00e9s n\u00e9zel\u0151d\u0151ket egyar\u00e1nt.<\/p>\n<p>[\/et_pb_text][\/et_pb_column][\/et_pb_row][et_pb_row column_structure=&#8221;1_4,3_4&#8243; _builder_version=&#8221;4.19.2&#8243; _module_preset=&#8221;default&#8221; custom_margin=&#8221;0px||0px||true|false&#8221; custom_padding=&#8221;0px||0px||true|false&#8221; global_colors_info=&#8221;{}&#8221;][et_pb_column type=&#8221;1_4&#8243; _builder_version=&#8221;4.19.2&#8243; _module_preset=&#8221;default&#8221; global_colors_info=&#8221;{}&#8221;][et_pb_image src=&#8221;https:\/\/barthaapartman.hu\/wp-content\/uploads\/2023\/04\/kikoto-latnivalo.jpg&#8221; _builder_version=&#8221;4.19.2&#8243; _module_preset=&#8221;default&#8221; global_colors_info=&#8221;{}&#8221;][\/et_pb_image][\/et_pb_column][et_pb_column type=&#8221;3_4&#8243; _builder_version=&#8221;4.19.2&#8243; _module_preset=&#8221;default&#8221; global_colors_info=&#8221;{}&#8221;][et_pb_text _builder_version=&#8221;4.19.2&#8243; _module_preset=&#8221;default&#8221; custom_margin=&#8221;20px|||-70px|false|false&#8221; hover_enabled=&#8221;0&#8243; global_colors_info=&#8221;{}&#8221; custom_margin_last_edited=&#8221;on|phone&#8221; sticky_enabled=&#8221;0&#8243; custom_margin_phone=&#8221;0px|||0px|false|false&#8221; custom_margin_tablet=&#8221;20px|||-70px|false|false&#8221;]<\/p>\n<p><strong>Haj\u00f3\u00e1llom\u00e1s \u00e9s vitorl\u00e1skik\u00f6t\u0151<\/strong><\/p>\n<p>A fony\u00f3di haj\u00f3\u00e1llom\u00e1sr\u00f3l indulnak a Balatoni Haj\u00f3z\u00e1si Zrt. s\u00e9tahaj\u00f3, var\u00e1zshaj\u00f3, bulihaj\u00f3 j\u00e1ratai \u00e9s v\u00edzitaxi szolg\u00e1ltat\u00e1sai. Fony\u00f3d \u2013 Badacsony menetrend szerinti j\u00e1ratokkal \u00e9vente t\u00f6bb sz\u00e1zezer ember utazik. A t\u00faloldali hull\u00e1mt\u00f6r\u0151 g\u00e1t \u00e9s a m\u00f3l\u00f3 k\u00f6zti r\u00e9sz Si\u00f3fok \u00e9s Balatonf\u00fcred ut\u00e1n a Balaton harmadik legforgalmasabb kik\u00f6t\u0151je.<\/p>\n<p>[\/et_pb_text][\/et_pb_column][\/et_pb_row][et_pb_row column_structure=&#8221;1_4,3_4&#8243; _builder_version=&#8221;4.19.2&#8243; _module_preset=&#8221;default&#8221; custom_margin=&#8221;10px||10px||true|false&#8221; custom_padding=&#8221;0px||0px||true|false&#8221; global_colors_info=&#8221;{}&#8221;][et_pb_column type=&#8221;1_4&#8243; _builder_version=&#8221;4.19.2&#8243; _module_preset=&#8221;default&#8221; global_colors_info=&#8221;{}&#8221;][et_pb_image src=&#8221;https:\/\/barthaapartman.hu\/wp-content\/uploads\/2023\/04\/belatelep-latnivalo.jpg&#8221; _builder_version=&#8221;4.19.2&#8243; _module_preset=&#8221;default&#8221; global_colors_info=&#8221;{}&#8221;][\/et_pb_image][\/et_pb_column][et_pb_column type=&#8221;3_4&#8243; _builder_version=&#8221;4.19.2&#8243; _module_preset=&#8221;default&#8221; global_colors_info=&#8221;{}&#8221;][et_pb_text _builder_version=&#8221;4.19.2&#8243; _module_preset=&#8221;default&#8221; custom_margin=&#8221;20px|||-70px|false|false&#8221; hover_enabled=&#8221;0&#8243; global_colors_info=&#8221;{}&#8221; custom_margin_last_edited=&#8221;on|phone&#8221; sticky_enabled=&#8221;0&#8243; custom_margin_phone=&#8221;0px|||0px|false|false&#8221; custom_margin_tablet=&#8221;20px|||-70px|false|false&#8221;]<\/p>\n<p><strong>Fony\u00f3d-b\u00e9latelepi villasor (\u00d6r\u00f6ks\u00e9g\u00fcnk Somogyorsz\u00e1g Kincse d\u00edj)<\/strong><\/p>\n<p>A fony\u00f3d-b\u00e9latelepi villasor 1894-ben j\u00f6tt l\u00e9tre a fony\u00f3di V\u00e1rhegy oldal\u00e1ban. Gr\u00f3f Zichy B\u00e9la, Szaplonczay Man\u00f3 kezdem\u00e9nyez\u00e9s\u00e9re parcell\u00e1zta fel birtok\u00e1nak egy r\u00e9sz\u00e9t. Az els\u0151 id\u0151kben 29 villatelket alak\u00edtottak ki, ahol ma tal\u00e1n az eg\u00e9sz Balaton legszebb vill\u00e1i \u00e1llnak a magas parton. A villasort 2011-ben \u201e\u00d6r\u00f6ks\u00e9g\u00fcnk Somogyorsz\u00e1g Kincse\u201d d\u00edjjal ismert\u00e9k el.<\/p>\n<p>[\/et_pb_text][\/et_pb_column][\/et_pb_row][et_pb_row column_structure=&#8221;1_4,3_4&#8243; _builder_version=&#8221;4.19.2&#8243; _module_preset=&#8221;default&#8221; custom_margin=&#8221;0px||0px||true|false&#8221; custom_padding=&#8221;0px||0px||true|false&#8221; global_colors_info=&#8221;{}&#8221;][et_pb_column type=&#8221;1_4&#8243; _builder_version=&#8221;4.19.2&#8243; _module_preset=&#8221;default&#8221; global_colors_info=&#8221;{}&#8221;][et_pb_image src=&#8221;https:\/\/barthaapartman.hu\/wp-content\/uploads\/2023\/04\/muzeum-latnivalo.jpg&#8221; _builder_version=&#8221;4.19.2&#8243; _module_preset=&#8221;default&#8221; global_colors_info=&#8221;{}&#8221;][\/et_pb_image][\/et_pb_column][et_pb_column type=&#8221;3_4&#8243; _builder_version=&#8221;4.19.2&#8243; _module_preset=&#8221;default&#8221; global_colors_info=&#8221;{}&#8221;][et_pb_text _builder_version=&#8221;4.19.2&#8243; _module_preset=&#8221;default&#8221; custom_margin=&#8221;20px|||-70px|false|false&#8221; hover_enabled=&#8221;0&#8243; global_colors_info=&#8221;{}&#8221; custom_margin_last_edited=&#8221;on|phone&#8221; sticky_enabled=&#8221;0&#8243; custom_margin_phone=&#8221;0px|||0px|false|false&#8221; custom_margin_tablet=&#8221;20px|||-70px|false|false&#8221;]<\/p>\n<p><strong>Fony\u00f3di m\u00fazeum (Velics villa)<\/strong><\/p>\n<p>Fony\u00f3di m\u00fazeumnak otthont ad\u00f3 egykori Velics-villa, ahol Szinyei Merse P\u00e1l 1916-ban \u00e9s 1917-ben a nyarakat t\u00f6lt\u00f6tte \u00e9s kilenc k\u00e9pet festett Fony\u00f3dr\u00f3l \u00e9s\u00a0Balatonr\u00f3l. A m\u00fazeum \u00e1lland\u00f3 ki\u00e1ll\u00edt\u00e1ssal mutatja be a Balaton \u00e1llat- \u00e9s n\u00f6v\u00e9nyvil\u00e1g\u00e1t, a t\u00f3 term\u00e9szetv\u00e9delm\u00e9t, kult\u00fart\u00f6rt\u00e9net\u00e9t, Fony\u00f3d helyt\u00f6rt\u00e9net\u00e9t \u00e9s n\u00e9prajz\u00e1t, ezenk\u00edv\u00fcl rendszeresen meg\u00fajul\u00f3 id\u0151szaki t\u00e1rlatokkal v\u00e1rja a l\u00e1togat\u00f3kat.<\/p>\n<p>[\/et_pb_text][\/et_pb_column][\/et_pb_row][et_pb_row column_structure=&#8221;1_4,3_4&#8243; _builder_version=&#8221;4.19.2&#8243; _module_preset=&#8221;default&#8221; custom_margin=&#8221;10px||0px||false|false&#8221; custom_padding=&#8221;0px||0px||false|false&#8221; global_colors_info=&#8221;{}&#8221;][et_pb_column type=&#8221;1_4&#8243; _builder_version=&#8221;4.19.2&#8243; _module_preset=&#8221;default&#8221; global_colors_info=&#8221;{}&#8221;][et_pb_image src=&#8221;https:\/\/barthaapartman.hu\/wp-content\/uploads\/2023\/04\/thermal-latnivalo.jpg&#8221; _builder_version=&#8221;4.19.2&#8243; _module_preset=&#8221;default&#8221; global_colors_info=&#8221;{}&#8221;][\/et_pb_image][\/et_pb_column][et_pb_column type=&#8221;3_4&#8243; _builder_version=&#8221;4.19.2&#8243; _module_preset=&#8221;default&#8221; global_colors_info=&#8221;{}&#8221;][et_pb_text _builder_version=&#8221;4.19.2&#8243; _module_preset=&#8221;default&#8221; custom_margin=&#8221;20px|||-70px|false|false&#8221; hover_enabled=&#8221;0&#8243; global_colors_info=&#8221;{}&#8221; custom_margin_last_edited=&#8221;on|phone&#8221; sticky_enabled=&#8221;0&#8243; custom_margin_phone=&#8221;0px|||0px|false|false&#8221; custom_margin_tablet=&#8221;20px|||-70px|false|false&#8221;]<\/p>\n<p><strong>Csiszta F\u00fcrd\u0151 (gy\u00f3gyviz\u0171 term\u00e1lv\u00edz)<\/strong><\/p>\n<p>Fony\u00f3dt\u00f3l 7 km-re tal\u00e1lhat\u00f3 Csiszta F\u00fcrd\u0151t a 42 \u00b0C-os \u00e1sv\u00e1nyi anyagokban gazdag hidrokarbon\u00e1tos, k\u00e9nes, nagy mennyis\u00e9g\u0171 sz\u00e9nsavat tartalmaz\u00f3, gy\u00f3gyhat\u00e1s\u00fa meleg vize miatt sokan keresik fel. Kedvez\u0151 \u00f6sszet\u00e9tele alkalmas mozg\u00e1sszervi \u00e9s reumatikus betegs\u00e9gekre, n\u0151gy\u00f3gy\u00e1szati, b\u00e9l- \u00e9s gyomorpanaszok kezel\u00e9s\u00e9re.<\/p>\n<p>[\/et_pb_text][\/et_pb_column][\/et_pb_row][et_pb_row _builder_version=&#8221;4.19.2&#8243; _module_preset=&#8221;default&#8221; custom_margin=&#8221;10px||0px||false|false&#8221; custom_padding=&#8221;10px||0px||false|false&#8221; global_colors_info=&#8221;{}&#8221;][et_pb_column type=&#8221;4_4&#8243; _builder_version=&#8221;4.19.2&#8243; _module_preset=&#8221;default&#8221; global_colors_info=&#8221;{}&#8221;][et_pb_text _builder_version=&#8221;4.19.2&#8243; _module_preset=&#8221;default&#8221; global_colors_info=&#8221;{}&#8221;]<\/p>\n<p>Tov\u00e1bbi l\u00e1tnival\u00f3k: Valk\u00f3-kil\u00e1t\u00f3, Panor\u00e1ma s\u00e9t\u00e1ny, Kripta-villa, F\u00e1c\u00e1nos pal\u00e1nkv\u00e1r, 200 \u00e9s Pr\u00e9sh\u00e1z \u00e9tterem (m\u0171eml\u00e9k\u00e9p\u00fclet), P\u00e1ros Akt (Emberp\u00e1r) c\u00edm\u0171 szobor, L\u00e1nyi Antal eml\u00e9koszlop (Balaton els\u0151 \u00e1trep\u00fcl\u0151je)\u2026<\/p>\n<p>A b\u00e9latelepi strand az\u00e9rt is k\u00f6telez\u0151 program, mert szinte ez az egyetlen olyan d\u00e9li parti strand, ahol m\u00e1r bel\u00e1that\u00f3 id\u0151n bel\u00fcl elfogadhat\u00f3 m\u00e9lys\u00e9g\u0171 a v\u00edz.<\/p>\n<p>[\/et_pb_text][\/et_pb_column][\/et_pb_row][\/et_pb_section]<\/p>\n","protected":false},"excerpt":{"rendered":"<p>Fony\u00f3di m\u00f3l\u00f3 A Balaton leghosszabb m\u00f3l\u00f3j\u00e1val Fony\u00f3d b\u00fcszk\u00e9lkedhet, amely 464 m\u00e9ter hossz\u00fas\u00e1g\u00fa. A romantikus kora esti s\u00e9t\u00e1knak otthont ad\u00f3 f\u00f6ldnyelv, egyenesen a Gul\u00e1cs-hegy m\u00e9rtani k\u00f6z\u00e9ppontj\u00e1ba mutat, ami a tudatos tervez\u00e9s eredm\u00e9nye.Fony\u00f3di kil\u00e1t\u00f3k V\u00e1rhegyi Sz\u00e9pl\u00e1t\u00f3: A kil\u00e1t\u00f3b\u00f3l Eur\u00f3pa egyik legszebb panor\u00e1m\u00e1ja t\u00e1rul szem\u00fcnk el\u00e9, ami a V\u00e1r-hegy 233 m magas cs\u00facs\u00e1n helyezkedik el.Sipos-hegyi kil\u00e1t\u00f3: A 207 [&hellip;]<\/p>\n","protected":false},"author":1,"featured_media":0,"parent":0,"menu_order":3,"comment_status":"closed","ping_status":"closed","template":"","meta":{"_et_pb_use_builder":"on","_et_pb_old_content":"","_et_gb_content_width":""},"_links":{"self":[{"href":"https:\/\/barthaapartman.hu\/index.php\/wp-json\/wp\/v2\/pages\/10"}],"collection":[{"href":"https:\/\/barthaapartman.hu\/index.php\/wp-json\/wp\/v2\/pages"}],"about":[{"href":"https:\/\/barthaapartman.hu\/index.php\/wp-json\/wp\/v2\/types\/page"}],"author":[{"embeddable":true,"href":"https:\/\/barthaapartman.hu\/index.php\/wp-json\/wp\/v2\/users\/1"}],"replies":[{"embeddable":true,"href":"https:\/\/barthaapartman.hu\/index.php\/wp-json\/wp\/v2\/comments?post=10"}],"version-history":[{"count":15,"href":"https:\/\/barthaapartman.hu\/index.php\/wp-json\/wp\/v2\/pages\/10\/revisions"}],"predecessor-version":[{"id":294,"href":"https:\/\/barthaapartman.hu\/index.php\/wp-json\/wp\/v2\/pages\/10\/revisions\/294"}],"wp:attachment":[{"href":"https:\/\/barthaapartman.hu\/index.php\/wp-json\/wp\/v2\/media?parent=10"}],"curies":[{"name":"wp","href":"https:\/\/api.w.org\/{rel}","templated":true}]}}